-1)/(2/(-4)))/((-4)/(-166)) a composite number?
False
Let i(n) = 8*n. Let o be i(6). Let y = 69 - o. Is y a prime number?
False
Let s = 14 - 11. Suppose -31 = -4*r + s*r. Is r a composite number?
False
Suppose -y = -2*x + 2*y + 29, -5*y + 8 = x. Suppose -2*m - x = 43. Let s = 9 - m. Is s prime?
True
Let u = 3 - 3. Suppose u*y + 2*y = -186. Let p = y + 184. Is p prime?
False
Let m(f) = f**3 - 3*f**2 + 3*f - 6. Let d be m(7). Suppose 3*a = 2*r + 2*r + d, -240 = -4*a - 5*r. Is a a prime number?
False
Suppose 0 = 4*f - 3*j - 4 - 24, f = 5*j + 24. Let a be 4/(-4) + (f - 1). Suppose u - 2*u + 2 = a*g, 0 = -3*u + 3*g + 6. Is u a prime number?
True
Suppose 0 = 2*t - 0*t - 10, -2*t = j + 1905. Is j/(-10) - (-1)/(-2) prime?
True
Is (4 + -2)/((-34)/(-29903)) a prime number?
True
Let r = -2 + 5. Suppose -r*o + 2021 = 260. Is o a composite number?
False
Suppose 9888 = 10*u - 6082. Is u composite?
False
Suppose -6*c + 1093 + 4391 = 0. Is c a prime number?
False
Let y = 9 + -5. Suppose 2*b - g - 192 = y*g, 5*b + 5*g - 445 = 0. Is b a composite number?
True
Suppose 3*i = -4*s + 96 + 755, i + s = 285. Is i prime?
False
Let q(v) = -9*v + 0*v + v - 13. Is q(-10) composite?
False
Suppose 3*l = -6, -6*i = -2*i - 4*l + 160. Let y = 73 + i. Is y + 4*(-2)/(-4) composite?
True
Let q(u) = -u + 21. Is q(0) prime?
False
Let i = -23 - 31. Let t = i - -167. Is t composite?
False
Let o(d) = d**3 + 9*d**2 + 4*d - 9. Let q(c) = -c**3 - 4*c**2 + c - 3. Let k be q(-4). Let h be o(k). Is 2 + -1 + -3 + h composite?
False
Suppose -3 = -z - 4*c, -3*z + 4*c = -5*z + 6. Suppose -7*t + 2*t = -2*o - 17, -o = -z*t + 11. Suppose 369 = o*i - i. Is i a composite number?
True
Let l(o) = 13*o**2 + 2*o - 1. Let c(q) = -66*q**2 - 11*q + 5. Let x(p) = 2*c(p) + 11*l(p). Is x(1) prime?
False
Suppose 3*c - 3*l = 1290 + 333, -5*c = -4*l - 2705. Is c a composite number?
False
Suppose -2*i - 8 = 5*t, 0*i - i = t + 1. Let a = i - 2. Is (48 - 2)*a/(-2) a composite number?
False
Let f be 6/27 + 74/(-9). Is (662/f)/(2/(-8)) a prime number?
True
Let p be ((-30)/25)/(4/(-30)). Let s be (-3)/1 - (-54)/p. Suppose y + 71 = -2*n + s*n, 4*y = -8. Is n composite?
True
Let d = -1893 + 2980. Is d composite?
False
Suppose 0 = -g - 0*g + 2. Suppose -g*r - 16 = -i, -4*i - 2*r = -0*i - 54. Is i composite?
True
Let m be -3*2*1/(-2). Suppose 2*a + 3*b - m = 0, 5*b - 7 = -4*a - 0. Suppose -3*s - 24 = -a*g, 3*g + 0*g + 4*s = 31. Is g composite?
True
Suppose -2*a - 4*w + 2286 = -0*w, a - w - 1140 = 0. Is a a composite number?
True
Is 2510/(-4)*-2*(-8)/(-20) prime?
False
Let x(m) = -15*m - 5. Let j be -5 + (-3)/(-6)*-2. Is x(j) a composite number?
True
Let t = 220 - -67. Suppose 2*a - 4*r = -r + t, -5*a + 727 = 2*r. Is a a composite number?
True
Suppose 0*a = -4*a + 92. Suppose -115 + a = -3*d - 2*g, g - 144 = -5*d. Suppose 9 = -u + d. Is u prime?
True
Let z be (-4)/6 - (-1077)/9. Suppose -73 = -2*u - 5*w, -5*w = -3*u - 3*w + z. Suppose u = 2*i - i. Is i prime?
False
Suppose 2*g + 7 + 11 = 0. Let b be g/((-3)/15*1). Suppose -z = 4*z - b. Is z prime?
False
Let u(n) = n**3 - n**2 - n + 392. Let y(i) = -i + 4. Let c be y(4). Let j be u(c). Suppose 5*f = -5*t + 395, 5*t = -4*f - 76 + j. Is f composite?
False
Suppose -4971 = -20*u + 17*u. Is u composite?
False
Suppose -5*w + 51 = -j, 4*w + 2*j - 57 = -19. Suppose -3*v - 2*t = -w - 5, 4*v - 20 = t. Let o = v + 10. Is o a prime number?
False
Is -20*(-3 + -22) - 1 composite?
False
Let c(z) = z**2 - 6*z - 11. Let y be c(8). Suppose 17 = y*a - 3. Is a prime?
False
Suppose -3*q = -w + 13, -3*q - 5 = -2*w + 9. Let h(v) = 8*v + 4. Let f be h(q). Let r = 9 - f. Is r prime?
True
Let y(i) = i**3 + 5*i**2 + i - 4. Let s be y(-4). Let d = s - 3. Suppose d*x = -4*w + 24 + 279, -5*x + 293 = -w. Is x a composite number?
False
Let o(a) = a**3 - 6*a**2 - 7*a + 4. Let z be o(7). Is 593/z + (-9)/(-12) a prime number?
True
Let c(r) = 81*r + 11. Is c(3) a prime number?
False
Let c(h) = -h**2 - 6*h + 2. Let o be c(-6). Suppose o*j + 0*j + 12 = 0. Is ((-362)/j)/((-1)/(-3)) composite?
False
Let k(s) = 15*s - 26. Is k(11) composite?
False
Suppose 20 = 2*j - 158. Let b = -42 + j. Is b a prime number?
True
Suppose 2*o + 9 = 5*o + 3*c, 3*o = -5*c + 15. Let g be o - 6/4*-2. Is 611/g - 6/9 prime?
False
Let x(m) = m**3 + 7*m**2 + 4*m + 5. Let d be (-10)/(-3)*(-3)/2. Is x(d) composite?
True
Let j = 4 - -1. Suppose -l + j*c = 23 - 3, 4*c - 7 = -l. Let d = 8 - l. Is d a prime number?
True
Suppose 2*d = 11*d - 20637. Is d prime?
True
Suppose 2*o - 6*o + 24452 = 0. Is o a prime number?
True
Suppose 5*k - 109 = -3*u, -5*u + 3*k = 9 - 134. Let t be 121/3 + (-6)/(-9). Suppose 0 = 3*o - u - t. Is o a prime number?
True
Let o(s) = s**2 + 22. Is o(13) composite?
False
Let a = 75 + 1328. Is a a composite number?
True
Suppose -2*p - k = -12, 4*p + k - 3*k = 8. Is (-28)/p + 4 + 134 a prime number?
True
Suppose v - 4*v + 489 = 0. Is v composite?
False
Let g(i) = -9*i + 581. Is g(0) a composite number?
True
Suppose -4*p = g - 15, 0 = -2*p + 3*p + g. Suppose 0 = 2*a + 3*k - 144, 0*k = -2*a - p*k + 148. Is a a prime number?
False
Let j = -1 - -3. Let i = j - 0. Suppose i*u + 7 - 49 = 0. Is u prime?
False
Let l be (-2)/(0 - (2 - 0)). Suppose -k + l + 2 = 0. Suppose -3*g - 2*s + 107 = 0, 2*g - k*g - s = -36. Is g a prime number?
False
Is (-29)/((-2)/(-8)*-2) a prime number?
False
Let s(h) = 2*h**2 - 6*h + 1. Let r = 1 - 2. Let i be ((-15)/9)/(r/3). Is s(i) a composite number?
True
Let x(u) = -u**3 - 4*u**2 - u - 7. Let v = 3 - 8. Is x(v) composite?
False
Let u(q) = -7*q**2 + 2*q + 3. Let m be u(4). Let r = -39 - m. Is r a prime number?
False
Let y be ((-18)/15)/((-2)/5). Suppose 0 = 5*f, y*f = -3*s + 2*f + 471. Is s prime?
True
Suppose -232 = 4*j - 1236. Is j a prime number?
True
Let l = 138 - -169. Is l prime?
True
Suppose -5*m = -m - 552. Let x = m - 80. Suppose -5*p + 265 = -3*z, z - x = 2*p - 164. Is p composite?
False
Suppose 4*j + 7 = -17. Let s = j + -19. Is 4/(-5)*s/2 composite?
True
Let o = 2431 - 1376. Is o prime?
False
Let b(g) = g + 9 + 5 + 7 - g**3 + 14. Is b(0) prime?
False
Suppose -341 - 278 = -c. Is c prime?
True
Let k be (6*-2)/(-2) + -2. Let z(j) = 13*j + 2. Let o be z(k). Let b = -21 + o. Is b prime?
False
Suppose -t + 3 = -0. Let c be ((-2)/(-4))/((-2)/(-344)). Suppose 0 = t*w - c - 73. Is w a composite number?
False
Let a(x) be the third derivative of -205*x**4/24 - 4*x**2. Suppose -5*l - 2 = -3*l. Is a(l) composite?
True
Suppose 0 = -2*l - 3*r - 11, -5*l + r + 0*r = -15. Suppose -119 = -3*n + 4*d - 0*d, 4*d - 46 = -l*n. Is n a prime number?
False
Let w(g) = -g**2 - 2*g. Let l be w(-3). Let d(k) = -2*k**3 + 3*k**2 + 4*k. Is d(l) prime?
False
Suppose 4*p + 2482 = 2*b, 3*p - 2 = p. Is b a composite number?
True
Suppose 3*k = 2*k + 1. Suppose -m = k - 11. Is m composite?
True
Let m = -671 - -2644. Is m a composite number?
False
Let t = 3200 + -1641. Is t a composite number?
False
Suppose -9 = -0*j - j. Let f = -2 + j. Is f a composite number?
False
Let j(t) = 35*t + 3. Let s be -2*1*(-3)/(-6). Let v(c) = -c. Let u(n) = s*j(n) - v(n). Is u(-2) prime?
False
Let f(n) = 6*n**2 + 11*n - 11. Let x(p) = 5*p**2 + 10*p - 10. Let v(t) = 4*f(t) - 5*x(t). Let k be v(-5). Is k - (0 + 2)*-1 composite?
False
Let f(x) = -x**3 + 24. Let k be f(0). Let w = k + -5. Is w composite?
False
Suppose -1085 = -5*g - q, 3*q = -2*g + 6*g - 868. Suppose 3*a = 29 + g. Is a a prime number?
False
Suppose -z + 2*y - 33 = -2*z, 2 = -z + 5*y. Is z prime?
True
Is (30/(-9))/(3*(-12)/49626) prime?
False
Suppose -p = f - 33, -f - 2 = -6. Suppose 0*u + b - p = -4*u, 0 = 3*u - 2*b - 8. Is u prime?
False
Let t(l) be the first derivative of -l**2/2 + 4*l - 2. Let v be t(2). Is v*(2 + 24) + 3 a composite number?
True
Let h(c) = -7*c**2 + 3*c - 2. Let s be h(-3). Let n(o) = -158*o**3 + o**2 + o + 1. Let t be n(-1). Let v = t + s. Is v a prime number?
False
Suppose 26 = 4*k + 6. Let l(d) = 14*d + 17*d - k - 9*d. Is l(4) a composite number?
False
Let r = 1406 + 1695. Is r composite?
True
Suppose 2*g + g = 9. Suppose -g*s + 92 = -s. Is s a composite number?
True
Suppose -18098 = -17*k + 31865. Is k a prime number?
True
Suppose o + 0*o - 3 = 0. Suppose -o*z + 8 = -z. Suppose f = 2*v - 15 - 92, z*v - 215 = 3*f. Is v composite?
False
Is 1/(-6) - 4/(-24) - -